[INFO] fetching crate solana-archiver-lib 1.1.13...
[INFO] checking solana-archiver-lib-1.1.13 against master#cfbc6d4cf1acbac5c025acf8ed68929caa551df3 for pr-75494-beta
[INFO] extracting crate solana-archiver-lib 1.1.13 into /workspace/builds/worker-5/source
[INFO] validating manifest of crates.io crate solana-archiver-lib 1.1.13 on toolchain cfbc6d4cf1acbac5c025acf8ed68929caa551df3
[INFO] running `Command { std: "/workspace/cargo-home/bin/cargo" "+cfbc6d4cf1acbac5c025acf8ed68929caa551df3" "read-manifest" "--manifest-path" "Cargo.toml", kill_on_drop: false }`
[INFO] started tweaking crates.io crate solana-archiver-lib 1.1.13
[INFO] finished tweaking crates.io crate solana-archiver-lib 1.1.13
[INFO] tweaked toml for crates.io crate solana-archiver-lib 1.1.13 written to /workspace/builds/worker-5/source/Cargo.toml
[INFO] running `Command { std: "/workspace/cargo-home/bin/cargo" "+cfbc6d4cf1acbac5c025acf8ed68929caa551df3" "generate-lockfile" "--manifest-path" "Cargo.toml" "-Zno-index-update", kill_on_drop: false }`
[INFO] running `Command { std: "/workspace/cargo-home/bin/cargo" "+cfbc6d4cf1acbac5c025acf8ed68929caa551df3" "fetch" "--locked" "--manifest-path" "Cargo.toml", kill_on_drop: false }`
[INFO] [stderr]     Blocking waiting for file lock on package cache
[INFO] [stderr]  Downloading crates ...
[INFO] [stderr]   Downloaded solana-clap-utils v1.2.16
[INFO] [stderr]   Downloaded solana-streamer v1.2.16
[INFO] [stderr]   Downloaded solana-sys-tuner v1.2.16
[INFO] [stderr]   Downloaded solana-measure v1.2.16
[INFO] [stderr]   Downloaded solana-transaction-status v1.2.9
[INFO] [stderr]   Downloaded solana-perf v1.2.16
[INFO] [stderr]   Downloaded solana-storage-program v1.1.13
[INFO] [stderr]   Downloaded solana-genesis-programs v1.2.16
[INFO] [stderr]   Downloaded solana-exchange-program v1.2.16
[INFO] [stderr]   Downloaded solana-vest-program v1.2.16
[INFO] [stderr]   Downloaded solana-crate-features v1.2.16
[INFO] [stderr]   Downloaded solana-merkle-tree v1.2.16
[INFO] [stderr]   Downloaded solana-stake-program v1.2.16
[INFO] [stderr]   Downloaded solana-config-program v1.2.16
[INFO] [stderr]   Downloaded solana-budget-program v1.2.16
[INFO] [stderr]   Downloaded solana-version v1.2.16
[INFO] [stderr]   Downloaded solana-faucet v1.2.16
[INFO] [stderr]   Downloaded solana-net-utils v1.2.16
[INFO] [stderr]   Downloaded solana-client v1.2.9
[INFO] [stderr]   Downloaded solana-remote-wallet v1.2.16
[INFO] [stderr]   Downloaded solana-vote-signer v1.2.16
[INFO] [stderr]   Downloaded solana-bpf-loader-program v1.2.16
[INFO] [stderr]   Downloaded solana-vote-program v1.2.16
[INFO] [stderr]   Downloaded solana-metrics v1.2.16
[INFO] [stderr]   Downloaded solana-ledger v1.2.9
[INFO] [stderr]   Downloaded solana-sdk v1.2.16
[INFO] [stderr]   Downloaded solana-runtime v1.2.16
[INFO] [stderr]   Downloaded solana-core v1.2.9
[INFO] running `Command { std: "docker" "create" "-v" "/var/lib/crater-agent-workspace/builds/worker-5/target:/opt/rustwide/target:rw,Z" "-v" "/var/lib/crater-agent-workspace/builds/worker-5/source:/opt/rustwide/workdir:ro,Z" "-v" "/var/lib/crater-agent-workspace/cargo-home:/opt/rustwide/cargo-home:ro,Z" "-v" "/var/lib/crater-agent-workspace/rustup-home:/opt/rustwide/rustup-home:ro,Z" "-e" "SOURCE_DIR=/opt/rustwide/workdir" "-e" "CARGO_TARGET_DIR=/opt/rustwide/target" "-e" "CARGO_HOME=/opt/rustwide/cargo-home" "-e" "RUSTUP_HOME=/opt/rustwide/rustup-home" "-w" "/opt/rustwide/workdir" "-m" "1610612736" "--user" "0:0" "--network" "none" "rustops/crates-build-env@sha256:a636fd89d022f18117e1dc8fb37a0a009933cdbbe082814857f0e2024962d47c" "/opt/rustwide/cargo-home/bin/cargo" "+cfbc6d4cf1acbac5c025acf8ed68929caa551df3" "metadata" "--no-deps" "--format-version=1", kill_on_drop: false }`
[INFO] [stdout] 92b1bcd4fdbbc7552421d01a10a9d524f707a4c2f71fb8ee0cc1733e51f1928d
[INFO] [stderr] WARNING: Your kernel does not support swap limit capabilities or the cgroup is not mounted. Memory limited without swap.
[INFO] running `Command { std: "docker" "start" "-a" "92b1bcd4fdbbc7552421d01a10a9d524f707a4c2f71fb8ee0cc1733e51f1928d", kill_on_drop: false }`
[INFO] running `Command { std: "docker" "inspect" "92b1bcd4fdbbc7552421d01a10a9d524f707a4c2f71fb8ee0cc1733e51f1928d", kill_on_drop: false }`
[INFO] running `Command { std: "docker" "rm" "-f" "92b1bcd4fdbbc7552421d01a10a9d524f707a4c2f71fb8ee0cc1733e51f1928d", kill_on_drop: false }`
[INFO] [stdout] 92b1bcd4fdbbc7552421d01a10a9d524f707a4c2f71fb8ee0cc1733e51f1928d
[INFO] running `Command { std: "docker" "create" "-v" "/var/lib/crater-agent-workspace/builds/worker-5/target:/opt/rustwide/target:rw,Z" "-v" "/var/lib/crater-agent-workspace/builds/worker-5/source:/opt/rustwide/workdir:ro,Z" "-v" "/var/lib/crater-agent-workspace/cargo-home:/opt/rustwide/cargo-home:ro,Z" "-v" "/var/lib/crater-agent-workspace/rustup-home:/opt/rustwide/rustup-home:ro,Z" "-e" "SOURCE_DIR=/opt/rustwide/workdir" "-e" "CARGO_TARGET_DIR=/opt/rustwide/target" "-e" "CARGO_INCREMENTAL=0" "-e" "RUST_BACKTRACE=full" "-e" "RUSTFLAGS=--cap-lints=forbid" "-e" "CARGO_HOME=/opt/rustwide/cargo-home" "-e" "RUSTUP_HOME=/opt/rustwide/rustup-home" "-w" "/opt/rustwide/workdir" "-m" "1610612736" "--user" "0:0" "--network" "none" "rustops/crates-build-env@sha256:a636fd89d022f18117e1dc8fb37a0a009933cdbbe082814857f0e2024962d47c" "/opt/rustwide/cargo-home/bin/cargo" "+cfbc6d4cf1acbac5c025acf8ed68929caa551df3" "check" "--frozen" "--all" "--all-targets" "--message-format=json", kill_on_drop: false }`
[INFO] [stdout] 984a21514a8d598e2a4c955b2d4ba0a4447d428e8228248047abf347e255459b
[INFO] [stderr] WARNING: Your kernel does not support swap limit capabilities or the cgroup is not mounted. Memory limited without swap.
[INFO] running `Command { std: "docker" "start" "-a" "984a21514a8d598e2a4c955b2d4ba0a4447d428e8228248047abf347e255459b", kill_on_drop: false }`
[INFO] [stderr]     Checking zeroize v1.1.0
[INFO] [stderr]    Compiling winapi v0.3.9
[INFO] [stderr]     Checking remove_dir_all v0.5.3
[INFO] [stderr]    Compiling fs_extra v1.1.0
[INFO] [stderr]    Compiling regex-syntax v0.6.18
[INFO] [stderr]    Compiling quick-error v1.2.3
[INFO] [stderr]    Compiling either v1.6.0
[INFO] [stderr]    Compiling bindgen v0.53.3
[INFO] [stderr]    Compiling termcolor v1.1.0
[INFO] [stderr]    Compiling lazycell v1.3.0
[INFO] [stderr]    Compiling libloading v0.6.2
[INFO] [stderr]    Compiling rustc-hash v1.1.0
[INFO] [stderr]     Checking same-file v1.0.6
[INFO] [stderr]     Checking plain v0.2.3
[INFO] [stderr]     Checking ieee754 v0.2.6
[INFO] [stderr]     Checking safemem v0.3.3
[INFO] [stderr]     Checking sha1 v0.6.0
[INFO] [stderr]     Checking indexed v0.1.1
[INFO] [stderr]     Checking traitobject v0.1.0
[INFO] [stderr]     Checking typeable v0.1.2
[INFO] [stderr]     Checking language-tags v0.2.2
[INFO] [stderr]     Checking symlink v0.1.0
[INFO] [stderr]    Compiling nom v5.1.2
[INFO] [stderr]    Compiling paste-impl v0.1.18
[INFO] [stderr]    Compiling clang-sys v0.29.3
[INFO] [stderr]     Checking rand_core v0.3.1
[INFO] [stderr]    Compiling rand v0.6.5
[INFO] [stderr]    Compiling unicase v1.4.2
[INFO] [stderr]    Compiling humantime v1.3.0
[INFO] [stderr]     Checking walkdir v2.3.1
[INFO] [stderr]    Compiling itertools v0.9.0
[INFO] [stderr]    Compiling memchr v2.3.3
[INFO] [stderr]     Checking fast-math v0.1.1
[INFO] [stderr]     Checking idna v0.1.5
[INFO] [stderr]    Compiling thread_local v1.0.1
[INFO] [stderr]     Checking trees v0.2.1
[INFO] [stderr]     Checking clicolors-control v1.0.1
[INFO] [stderr]     Checking rand_os v0.1.3
[INFO] [stderr]     Checking xattr v0.2.2
[INFO] [stderr]     Checking filetime v0.2.12
[INFO] [stderr]     Checking unix_socket2 v0.5.4
[INFO] [stderr]    Compiling which v3.1.1
[INFO] [stderr]     Checking log v0.3.9
[INFO] [stderr]     Checking users v0.10.0
[INFO] [stderr]     Checking combine v2.5.2
[INFO] [stderr]     Checking hash32 v0.1.1
[INFO] [stderr]     Checking base64 v0.10.1
[INFO] [stderr]     Checking base64 v0.9.3
[INFO] [stderr]     Checking rand_isaac v0.1.1
[INFO] [stderr]     Checking rand_hc v0.1.0
[INFO] [stderr]     Checking rand_xorshift v0.1.1
[INFO] [stderr]    Compiling solana-sdk v1.2.16
[INFO] [stderr]     Checking rand_chacha v0.1.1
[INFO] [stderr]     Checking flate2 v1.0.17
[INFO] [stderr]     Checking dir-diff v0.3.2
[INFO] [stderr]     Checking solana-rayon-threadlimit v1.3.4
[INFO] [stderr]     Checking core_affinity v0.5.10
[INFO] [stderr]     Checking tar v0.4.29
[INFO] [stderr]    Compiling aho-corasick v0.7.13
[INFO] [stderr]     Checking mime v0.2.6
[INFO] [stderr]     Checking crossbeam-channel v0.4.3
[INFO] [stderr]     Checking mio-extras v2.0.6
[INFO] [stderr]     Checking url v1.7.2
[INFO] [stderr]    Compiling clear_on_drop v0.2.4
[INFO] [stderr]    Compiling jemalloc-sys v0.3.2
[INFO] [stderr]    Compiling libloading v0.5.2
[INFO] [stderr]    Compiling bzip2-sys v0.1.9+1.0.8
[INFO] [stderr]    Compiling reed-solomon-erasure v4.0.2
[INFO] [stderr]    Compiling solana-chacha-sys v1.1.23
[INFO] [stderr]    Compiling scroll_derive v0.10.2
[INFO] [stderr]     Checking console v0.10.3
[INFO] [stderr]     Checking curve25519-dalek v2.1.0
[INFO] [stderr]    Compiling dlopen_derive v0.1.4
[INFO] [stderr]     Checking paste v0.1.18
[INFO] [stderr]     Checking indicatif v0.14.0
[INFO] [stderr]    Compiling zstd-sys v1.4.17+zstd.1.4.5
[INFO] [stderr]     Checking tempfile v3.1.0
[INFO] [stderr]     Checking ws v0.9.1
[INFO] [stderr]     Checking hyper v0.10.16
[INFO] [stderr]    Compiling proc-macro-crate v0.1.5
[INFO] [stderr]     Checking dialoguer v0.6.2
[INFO] [stderr]     Checking jsonrpc-pubsub v14.2.0
[INFO] [stderr]     Checking sysctl v0.4.0
[INFO] [stderr]     Checking tokio-tls v0.2.1
[INFO] [stderr]     Checking ed25519-dalek v1.0.0-pre.3
[INFO] [stderr]     Checking jsonrpc-ws-server v14.2.0
[INFO] [stderr]     Checking websocket-base v0.24.0
[INFO] [stderr]    Compiling jsonrpc-derive v14.2.1
[INFO] [stderr]    Compiling regex v1.3.9
[INFO] [stderr]     Checking scroll v0.10.1
[INFO] [stderr]     Checking solana-crate-features v1.2.16
[INFO] [stderr]     Checking goblin v0.2.3
[INFO] [stderr]     Checking dlopen v0.1.8
[INFO] [stderr]    Compiling cexpr v0.4.0
[INFO] [stderr]     Checking bzip2 v0.3.3
[INFO] [stderr]     Checking websocket v0.24.0
[INFO] [stderr]    Compiling env_logger v0.7.1
[INFO] [stderr]     Checking jsonrpc-client-transports v14.2.1
[INFO] [stderr]     Checking jsonrpc-core-client v14.2.0
[INFO] [stderr]     Checking solana-metrics v1.2.16
[INFO] [stderr]     Checking solana-config-program v1.2.16
[INFO] [stderr]     Checking solana-remote-wallet v1.2.16
[INFO] [stderr]     Checking solana-budget-program v1.2.16
[INFO] [stderr]     Checking solana-version v1.2.16
[INFO] [stderr]     Checking solana-transaction-status v1.2.9
[INFO] [stderr]     Checking solana-merkle-tree v1.2.16
[INFO] [stderr]     Checking solana-storage-program v1.1.13
[INFO] [stderr]     Checking solana-vote-program v1.2.16
[INFO] [stderr]     Checking solana-exchange-program v1.2.16
[INFO] [stderr]     Checking solana-vest-program v1.2.16
[INFO] [stderr]     Checking solana_rbpf v0.1.28
[INFO] [stdout] error[E0609]: no field `segment` on type `solana_sdk::clock::Clock`
[INFO] [stdout]    --> /opt/rustwide/cargo-home/registry/src/github.com-1ecc6299db9ec823/solana-storage-program-1.1.13/src/storage_contract.rs:180:41
[INFO] [stdout]     |
[INFO] [stdout] 180 |             let current_segment = clock.segment;
[INFO] [stdout]     |                                         ^^^^^^^ unknown field
[INFO] [stdout]     |
[INFO] [stdout]     = note: available fields are: `slot`, `unused`, `epoch`, `leader_schedule_epoch`, `unix_timestamp`
[INFO] [stdout] 
[INFO] [stdout] 
[INFO] [stdout] error[E0609]: no field `segment` on type `solana_sdk::clock::Clock`
[INFO] [stdout]    --> /opt/rustwide/cargo-home/registry/src/github.com-1ecc6299db9ec823/solana-storage-program-1.1.13/src/storage_contract.rs:256:73
[INFO] [stdout]     |
[INFO] [stdout] 256 |             debug!("advertise new segment: {} orig: {}", segment, clock.segment);
[INFO] [stdout]     |                                                                         ^^^^^^^ unknown field
[INFO] [stdout]     |
[INFO] [stdout]     = note: available fields are: `slot`, `unused`, `epoch`, `leader_schedule_epoch`, `unix_timestamp`
[INFO] [stdout] 
[INFO] [stdout] 
[INFO] [stdout] error[E0609]: no field `segment` on type `solana_sdk::clock::Clock`
[INFO] [stdout]    --> /opt/rustwide/cargo-home/registry/src/github.com-1ecc6299db9ec823/solana-storage-program-1.1.13/src/storage_contract.rs:257:60
[INFO] [stdout]     |
[INFO] [stdout] 257 |             if segment < *state_segment || segment > clock.segment {
[INFO] [stdout]     |                                                            ^^^^^^^ unknown field
[INFO] [stdout]     |
[INFO] [stdout]     = note: available fields are: `slot`, `unused`, `epoch`, `leader_schedule_epoch`, `unix_timestamp`
[INFO] [stdout] 
[INFO] [stdout] 
[INFO] [stdout] error[E0609]: no field `storage_point_value` on type `solana_sdk::sysvar::rewards::Rewards`
[INFO] [stdout]    --> /opt/rustwide/cargo-home/registry/src/github.com-1ecc6299db9ec823/solana-storage-program-1.1.13/src/storage_contract.rs:387:47
[INFO] [stdout]     |
[INFO] [stdout] 387 |             check_redeemable(credits, rewards.storage_point_value, rewards_pool, owner)?;
[INFO] [stdout]     |                                               ^^^^^^^^^^^^^^^^^^^ unknown field
[INFO] [stdout]     |
[INFO] [stdout]     = note: available fields are: `validator_point_value`, `unused`
[INFO] [stdout] 
[INFO] [stdout] 
[INFO] [stdout] error[E0609]: no field `storage_point_value` on type `solana_sdk::sysvar::rewards::Rewards`
[INFO] [stdout]    --> /opt/rustwide/cargo-home/registry/src/github.com-1ecc6299db9ec823/solana-storage-program-1.1.13/src/storage_contract.rs:404:47
[INFO] [stdout]     |
[INFO] [stdout] 404 |             check_redeemable(credits, rewards.storage_point_value, rewards_pool, owner)?;
[INFO] [stdout]     |                                               ^^^^^^^^^^^^^^^^^^^ unknown field
[INFO] [stdout]     |
[INFO] [stdout]     = note: available fields are: `validator_point_value`, `unused`
[INFO] [stdout] 
[INFO] [stdout] 
[INFO] [stderr]     Checking solana-clap-utils v1.2.16
[INFO] [stdout] error: aborting due to 5 previous errors
[INFO] [stdout] 
[INFO] [stdout] 
[INFO] [stdout] For more information about this error, try `rustc --explain E0609`.
[INFO] [stdout] 
[INFO] [stderr] error: could not compile `solana-storage-program`.
[INFO] [stderr] 
[INFO] [stderr] To learn more, run the command again with --verbose.
[INFO] [stderr] warning: build failed, waiting for other jobs to finish...
[INFO] [stderr] error: build failed
[INFO] running `Command { std: "docker" "inspect" "984a21514a8d598e2a4c955b2d4ba0a4447d428e8228248047abf347e255459b", kill_on_drop: false }`
[INFO] running `Command { std: "docker" "rm" "-f" "984a21514a8d598e2a4c955b2d4ba0a4447d428e8228248047abf347e255459b", kill_on_drop: false }`
[INFO] [stdout] 984a21514a8d598e2a4c955b2d4ba0a4447d428e8228248047abf347e255459b
